 of q and l?
3
Let x be 2/(-4)*(-4)/1. Suppose 4*g = 4*a + 36, 0*g + x*a = 3*g - 23. Calculate the greatest common factor of g and 45.
5
Suppose w + 2 = 5*l + 2*w, -5*l = -w - 8. Let r be 2*l - (6 - 7). Calculate the greatest common factor of r and 27.
3
Suppose -u = -3*a + 94, -a + 0*a + 5*u = -22. Calculate the highest common divisor of a and 80.
16
Let q(a) = -6*a + 3. Let d(h) = -h**3 - 6*h**2 - 4*h - 1. Let v be d(-5). Let t be q(v). Calculate the highest common divisor of 13 and t.
13
Let h be (11/(-2))/(1/(-2)). Suppose -46*c = -39*c - 770. What is the greatest common divisor of c and h?
11
Suppose 0 = 5*x - 572 + 137. Suppose -x - 653 = -5*s. Suppose 0 = 5*m + 2*i - s, 2*i + 62 = -m + 3*m. Calculate the highest common factor of m and 15.
15
Let k(p) = p**3 - 3. Let h be k(3). Suppose 0 = i - 3, 4*i - 3 = 3*f - 0*f. Suppose n + 6 = f*n. Calculate the highest common divisor of h and n.
3
Let v be (-9)/(-6)*16/6. Suppose 5*s + 5*i = 85, 4*s - v*i - 32 = 12. What is the highest common divisor of s and 21?
7
Let r(k) = -k**2 + 9*k - 5. Let n be r(8). What is the highest common factor of 3 and n?
3
Let v(t) = 2*t**2 + 4*t + 3. Let p be v(-2). Let r be 7/(3 - (-1 + p)). Calculate the highest common factor of r and 21.
7
Suppose p - 4*o - 18 = -2*p, 4*p = 2*o + 14. Suppose -g = p*m - 43, 0 = -5*m + m - 5*g + 83. What is the greatest common factor of m and 11?
11
Let g(z) = z**3 - 6*z**2 + 9*z + 2. Let j be g(4). Suppose 3*p - 18 = p. Calculate the highest common factor of j and p.
3
Suppose 2*g = -0 + 10. Calculate the highest common divisor of 10 and g.
5
Suppose 0 = o - 3*h - 67, -84 = -2*o - 3*h - h. Suppose -6*s + o = -2*s. Suppose -2*n + 6 = 0, n - 2 = p - 12. Calculate the highest common divisor of s and p.
13
Let m = -25 + 13. Let i be m/18*(-21)/2. Let s(w) = -w**2 - 16*w. Let u be s(-7). What is the highest common factor of i and u?
7
Let x = -13 + 8. Let d(a) = -11*a - 7. Let z be d(x). What is the greatest common factor of 12 and z?
12
Let f(c) = c + 9. Let h be f(-5). Suppose 300 = -h*q + 9*q. What is the greatest common factor of 24 and q?
12
Let a = 3 + -4. Let t = a - -8. What is the greatest common divisor of 56 and t?
7
Let n = 67 - 18. What is the highest common factor of 14 and n?
7
Let j be -1*1*-3 + 53 + -40. What is the highest common divisor of j and 32?
16
Let m be ((-10)/(-15))/((-1)/3). Let h be ((-4)/10)/(m/30). Let k = -64 + 130. What is the highest common factor of h and k?
6
Suppose 11 = y - 11. Let p = -171 + 347. What is the greatest common factor of p and y?
22
Suppose 2*s - 5*h - 220 = 0, 5*s + 5*h - 440 = s. Suppose -24 - 26 = -5*k. Calculate the highest common factor of k and s.
10
Suppose 4*k - 138 = k. Suppose -i + v = -4*i + k, 59 = 4*i - v. What is the highest common divisor of i and 15?
15
Let g = 1 - -1. Let y be (-20)/(-8) + (-6)/(-4). Suppose d - 3*d - 3*f = 8, 4*d - 24 = y*f. Calculate the highest common divisor of d and g.
2
Let v be 27/2*24/(-18). Let u be (-3)/18*2*v. Calculate the greatest common factor of u and 3.
3
Let g be 1*(2 - 2) - 0. Suppose -4*b + g*b = -612. Calculate the greatest common factor of b and 17.
17
Suppose -3*y - 12 = -5*a, 2*a = -0*a - y + 7. Suppose 2*j + 10 = 2*t, -a*t = 4*j - 9*j - 15. Let x = t + 7. What is the highest common divisor of 108 and x?
12
Let z be (-665)/(-28) - 2/(-8). Calculate the highest common divisor of z and 168.
24
Suppose -10*k + 502 = 22. Calculate the greatest common factor of 24 and k.
24
Let q(c) = 11*c - 6. Let k be q(6). Let i = k + -32. What is the greatest common factor of 70 and i?
14
Let d be (14 - 1) + 1*2. Calculate the highest common divisor of d and 5.
5
Suppose -19 = 2*c + 29. Let b = c - -33. Let m(s) = 6*s**2. Let z be m(-1). What is the greatest common divisor of b and z?
3
Suppose 3*a = 6*a + 90. Let w = a - -49. What is the greatest common factor of 19 and w?
19
Let f = -1 - -8. Let j = f + -5. Suppose 2*b - j = b. What is the greatest common factor of b and 6?
2
Let d = -12 - -6. Let q = 13 + d. Let r be (2/(-5))/((-12)/30). What is the greatest common divisor of q and r?
1
Suppose 9 = -2*x - o + 23, 0 = -2*x - 3*o + 22. Calculate the highest common divisor of 40 and x.
5
Suppose -3*d + 10 = -11. Let j be (-4)/(8 - 344/42). Calculate the highest common factor of d and j.
7
Suppose 38 = 3*l + 5. Calculate the greatest common factor of 11 and l.
11
Let p(x) = -x. Let k(z) = 2*z**2 - 16*z + 6. Let v(m) = k(m) - 6*p(m). Let n be v(6). Calculate the highest common divisor of 198 and n.
18
Let d = 61 - 46. What is the highest common divisor of d and 3?
3
Let p(q) = 6*q**2 - 3*q - 7. Let g be p(-3). What is the highest common divisor of g and 14?
14
Suppose 8*m - 96 = 4*m. Calculate the greatest common divisor of m and 192.
24
Suppose -388 = -4*o + 404. Let w be (60/8)/(3/28). Suppose 5*v - 5*i = 100, -v - 3*v - i + w = 0. Calculate the greatest common divisor of o and v.
18
Let b = 8 - -1. Let u(g) = g**2 - 7*g - 8. Let o be u(b). What is the greatest common factor of o and 15?
5
Let w(d) = d - 3. Let m be w(8). Suppose -m*g + 280 = 5*o, g = -g - o + 110. Suppose -3*b = -0*b - 108. Calculate the greatest common factor of b and g.
18
Let f = 95 + -72. Calculate the greatest common factor of f and 161.
23
Let n(d) = -d**3 + 4*d - 4. Let i be n(-4). Let t = -54 - -58. What is the greatest common divisor of t and i?
4
Let o be 36/(3 + -1)*(-3)/(-9). Suppose w + 4*u + 3 = 0, -5 = 2*w + 3*u - 4. Let i be 6*(w + 6/4). Calculate the highest common divisor of i and o.
3
Let a(s) = -s**2 + 7*s + 4. Let l be a(6). Let u = -12 + 22. What is the highest common divisor of u and l?
10
Suppose 0 = 3*k - 4 - 2. Let v be (-8)/(-6)*9/k. Calculate the highest common divisor of 6 and v.
6
Let u(r) = 4*r**3 + r**2 - r. Let o be u(1). Suppose -82 = -o*k - 10. Calculate the greatest common divisor of 198 and k.
18
Let u be -3 + (-11)/((-11)/10). Calculate the highest common divisor of u and 63.
7
Suppose -5*i = -10, -3*v + i + 2 = -2*v. Suppose 5*l - v*l = 4. What is the greatest common factor of l and 16?
4
Let l(g) = -g**2 - 5*g + 3. Suppose -6 = -f + 3*f. Let t be l(f). Let w be 118 + (-3)/(t/(-6)). Calculate the greatest common divisor of w and 15.
15
Suppose 86 = 4*i + y, -2*i = -i + 5*y - 31. Calculate the highest common factor of 3 and i.
3
Let k(z) = -z**3 - z**2 + 5*z - 1. Let q = 5 - 9. Let i be k(q). Let u = 7 - -2. Calculate the greatest common factor of i and u.
9
Suppose 0 = 10*v - 12*v + 8. Suppose -k = v*r - 3*r - 11, k = 5*r - 55. Let g be (2/(-4))/(2/(-132)). What is the highest common factor of r and g?
11
Suppose -3*y + 26 = -2*k, -38 = -3*y - 2*k + 7*k. Suppose w + w = y. Calculate the highest common factor of w and 1.
1
Let t = -4 + 9. Suppose -3*n - t = 2*n. Let l be 4*(n + (-3)/(-2)). What is the greatest common factor of 16 and l?
2
Suppose 4*r + 0 = 56. Calculate the highest common factor of r and 14.
14
Let f = 53 + -46. What is the greatest common divisor of f and 7?
7
Suppose 0 = -9*n + 6*n - 9, 4*l + 5*n = 121. What is the highest common factor of 68 and l?
34
Suppose 5*w = 2*z - 64, -2*w = -11*z + 13*z - 36. Let v be 6*5*11/3. What is the highest common divisor of z and v?
22
Suppose 0 = -2*n + 16 - 8. Calculate the greatest common factor of n and 10.
2
Let l = -55 - -79. Calculate the highest common factor of 16 and l.
8
Suppose 2*p = -2*t - 4, -5*p + 5*t - 5 + 45 = 0. Let f = p - -3. Suppose -3*v = -f*v + 300. What is the highest common divisor of v and 10?
10
Suppose -48 = -8*s + 152. What is the highest common divisor of s and 275?
25
Let p be 0/(-2) + (-100)/(-2). Calculate the highest common divisor of p and 125.
25
Suppose -v - 16*v + 1615 = 0. What is the greatest common factor of v and 57?
19
Let u be (1 - (0 + -44)) + 0. Let p = -53 - -77. Suppose c + 14 - 42 = -5*j, p = c + 3*j. What is the greatest common divisor of u and c?
9
Suppose 0 = -2*m - 0*m + s + 16, 0 = 3*s. Let k be 6/(-2 + 14/4). What is the greatest common factor of m and k?
4
Suppose 448 = 4*u - 2*u. What is the greatest common divisor of 32 and u?
32
Let x(w) = -50*w**3 + 2*w. Let m be x(-3). Suppose -3*u = -306 - m. Suppose r - 6*r = -u. Calculate the highest common divisor of r and 10.
10
Suppose 0 = 3*y + 2*g - 34, -7*y + 8*y = -5*g + 7. What 